3?
15
Suppose -2*w - 5*k = -50, 0 = w + 2*k - 4*k - 34. Calculate the remainder when 87 is divided by w.
27
Suppose -9*g + 28 = -7*g. What is the remainder when g is divided by (-1 + -4)*(-1 - 0)?
4
Suppose 2*u - 49 = u. Let y be (-34)/(-6)*12*1. Suppose p = -3*p + y. Calculate the remainder when u is divided by p.
15
Suppose 0*u - 730 = -5*u. Calculate the remainder when u is divided by 37.
35
Suppose -8*b = -2*b - 216. Calculate the remainder when b is divided by 8.
4
Suppose -5*g = -3*n + 27 - 6, n - g - 5 = 0. Calculate the remainder when 19 is divided by n.
1
Let r = 8 + -6. What is the remainder when r is divided by -2 - 0 - (-8)/2?
0
Suppose 0 = -2*w + 6*w + 292. Let m = 161 + w. What is the remainder when m is divided by 30?
28
Let w(z) = -z + 3. Let q be ((-35)/(-14))/(2/(-4)). Calculate the remainder when w(q) is divided by 5.
3
Let a(v) = v**3 - 7*v**2 + 6*v + 7. Suppose 0 = 3*i - 2 - 7. What is the remainder when a(6) is divided by i?
1
Let z(o) = o - 4. Let r be z(6). Suppose -2*l + 12 = -18. What is the remainder when ((-129)/(-6))/(r/4) is divided by l?
13
Suppose a - 18 = -j, 4*a = 5*j - 72 - 0. Suppose 2*w - 4*w = -j. Calculate the remainder when 23 is divided by w.
7
Let r(b) = -23*b + 1. Let x(d) = -d**3 + 7*d**2 - 3*d - 6. Let o be x(6). Calculate the remainder when r(-1) is divided by (-2)/o + (-237)/(-18).
11
Let n = -138 + 197. Let v(i) = i**3 + 8*i**2 + 10*i - 2. Let m be v(-5). Calculate the remainder when n is divided by m - (2 - 3/(-3)).
19
Suppose -5*s = -2*s - 249. Suppose h + 13 + s = 5*f, 0 = f - 2*h - 21. Calculate the remainder when 36 is divided by f.
17
Suppose 5 = -v + 4*m, -5*v - 3*m + 4*m + 13 = 0. What is the remainder when v is divided by 1?
0
Suppose 4 = s + 3*s. What is the remainder when -2*(s - (-1 - -4)) is divided by 3?
1
Let q(t) = t**3 - 12*t**2 + 12*t - 11. Let r be q(11). Let a(y) = y**3 + y**2 + 19. What is the remainder when a(r) is divided by 11?
8
Let k be 2 + (5 - 0 - -2). Let t = 20 + -11. Let q = t + k. Calculate the remainder when 35 is divided by q.
17
Let a be (-6)/4 + 2/(-4). Let g(x) = -x + 2. Suppose -8 = -2*s + 12. What is the remainder when s is divided by g(a)?
2
Suppose -2*g = -5*y + 14, 1 - 17 = -4*y. Let j = 42 - g. What is the remainder when ((-32)/(-12))/(2/j) is divided by 18?
16
Let r(g) = -g + 38. Let x = 18 - 18. Calculate the remainder when r(x) is divided by 10.
8
Let a = -17 - -2. Let x = 42 + -46. What is the remainder when (130/a)/(x/6) is divided by 5?
3
Suppose -15 = 5*i, -l - 4*i = -7*i - 10. Calculate the remainder when 2 is divided by l.
0
Let d(l) = -l**2 + 16*l + 21. Let s be d(17). Suppose -s*x - 15 = -9*x. Calculate the remainder when x is divided by 3.
0
Let y = -101 - -145. What is the remainder when 83 is divided by y?
39
Let g(o) = -o**3 - 5*o**2 + 2*o - 7. Suppose -5*l - 2*q = 0, -l + 5*q - 24 = 3. Calculate the remainder when l/11 + 365/11 is divided by g(-6).
16
Let s(q) = 3*q**3 - 4*q**2 - q + 6. What is the remainder when s(3) is divided by 10?
8
Suppose 5*h + 2 + 29 = s, -4*s - 5*h + 49 = 0. Suppose -s = 5*k - 271. Let x = -20 + k. What is the remainder when x is divided by 17?
14
Suppose 3*g - 5*u + 26 = 0, -g = 4*u - 3 - 11. Let p(d) = 2*d**2 - 1. What is the remainder when 19 is divided by p(g)?
5
What is the remainder when 77 is divided by (-2)/(87/30 + -3)?
17
Let t(p) = -3*p**2 + 7*p + 5. Let c(a) = -5*a**2 + 11*a + 8. Let b(y) = -5*c(y) + 8*t(y). What is the remainder when 6 is divided by b(-2)?
0
Suppose 0 = -9*h + 12*h - 327. Let j = 201 - h. Calculate the remainder when j is divided by 31.
30
Let c(h) = h**3 + 3*h**2 - 1. Let s be c(2). Suppose -2*i + 27 = -s. What is the remainder when i is divided by (24/32)/((-2)/(-32))?
11
Let r = -1 + 7. Let k = 0 + r. Calculate the remainder when 11 is divided by k.
5
Let a = 14 - 7. Let n = a + 5. Calculate the remainder when 34 is divided by n.
10
Let f(b) = b**3 - 6*b**2 - 8*b - 3. What is the remainder when f(8) is divided by 32?
29
Let t = 2 + -5. Let x be 3 - (2 + t - 4). Suppose 3*h - 55 = 3*k + x, -k = -4*h + 69. What is the remainder when 47 is divided by h?
15
Let m(h) = h**3 + h + 9. Let l(q) = -7*q + 1. Let o(a) = -29*a + 3. Let d(i) = -9*l(i) + 2*o(i). Calculate the remainder when d(4) is divided by m(0).
8
Let k = -53 - -58. Calculate the remainder when 34 is divided by k.
4
Suppose 0 = -3*f + 2*f. Suppose f*w + 4*w - 4*a = 20, -5*w = -a - 5. Suppose 3*h - 90 = -3*g - w*h, -10 = -2*h. What is the remainder when g is divided by 7?
4
Let m = 42 + -25. Suppose -i - 26 = -v, v = 2*v - 3*i - 16. Calculate the remainder when v is divided by m.
14
Suppose 4*u - 3*d - 3 = 0, 0 = -4*u + 2*d - 5 + 3. What is the remainder when u + 3 + 1 + 25 is divided by 14?
12
Suppose 0 = 4*y - x - 55, -3*x - 1 = -4. Calculate the remainder when 55 is divided by y.
13
Suppose -246 = -3*z + 516. What is the remainder when z is divided by 51?
50
Let a = -7 - -3. Let m = a + 41. What is the remainder when m is divided by 19?
18
Suppose 2 = k - 0, 5*k = -5*y + 90. Let h = -11 + y. What is the remainder when h is divided by 4?
1
Suppose 0 = -6*n + n - 3*w + 61, -2*w = n - 8. Calculate the remainder when n is divided by 5.
4
Suppose 0*p = 2*p - 116. Calculate the remainder when p is divided by 22.
14
Let h(z) = -z**3 + 10*z**2 - 7*z - 12. Calculate the remainder when h(9) is divided by 4.
2
Suppose 0 = -8*z + 7 + 65. Let n = -2 - -17. What is the remainder when n is divided by z?
6
Let k = 36 + 13. Let b(t) = -13*t. What is the remainder when k is divided by b(-1)?
10
Suppose 3*n - c = 13 + 23, -3*c = -5*n + 60. What is the remainder when 34 is divided by n?
10
Let t = 43 + -28. Let p(x) = -x**2 - 11*x - 9. What is the remainder when t is divided by p(-9)?
6
Calculate the remainder when (5/(-6))/(-5) + 4807/138 is divided by (22 - -2)*(-4)/(-8).
11
Let i = 14 - -16. Calculate the remainder when 144 is divided by i.
24
Calculate the remainder when (-4)/16 - 201/(-4) is divided by 13.
11
Let c = -124 - -131. What is the remainder when 24 is divided by c?
3
Let r(m) = m**3 - m**2 + 94. Let f be r(0). Suppose -5*v + 79 = 4*z, 4*z + 2*v = -0*z + f. Suppose 0*i = 2*i - 18. What is the remainder when z is divided by i?
8
Calculate the remainder when 8 is divided by 15/(-2)*6/(-9).
3
Let m be (4/5)/(4/(-10)). Let p(z) = z - 27. Let i be p(0). What is the remainder when (-600)/i + m/9 is divided by 8?
6
Let b be (-8 - -1)*19*-2. Let d = b + -160. Suppose -2*k + d = 26. Calculate the remainder when k is divided by 14.
12
Let h(w) = w + 6. Let t be h(-4). Suppose 0 = -5*q, 3*n - 2*q - 63 = t*q. Suppose -2*l + 3*l - 11 = 0. Calculate the remainder when n is divided by l.
10
Let w be 40/25*(-5 + 0). What is the remainder when 70 is divided by 88/5 - w/20?
16
Let n = 70 + 156. Calculate the remainder when n is divided by 12.
10
Suppose i = 2*f + f - 19, -4*i = -3*f + 13. Suppose c = 2*c + 3, 5*r - 147 = 4*c. Calculate the remainder when r is divided by f.
6
Let l(h) be the third derivative of -h**5/60 + h**4/8 - h**3/6 - 2*h**2. Let m be l(1). Suppose 3*k - 11 = m. What is the remainder when 6 is divided by k?
2
Suppose -4*c + c = -1077. Calculate the remainder when c is divided by 60.
59
Suppose -3*u - 5*h = -3*h - 17, 3*h = -u + 8. Calculate the remainder when -2*(-1)/(-2)*-12 is divided by u.
2
Let m = 12 - 0. Suppose 15 = -3*b, -b - 8 = -3*h + m. Let s = 45 + -28. Calculate the remainder when s is divided by h.
2
Suppose -2*m - 26 = -3*m - 5*k, -5*m + 42 = 3*k. Let t = -8 - -17. Calculate the remainder when t is divided by m.
3
Let g(o) = 3*o + 34. Let v(l) = -2*l - 23. Let r(s) = -5*g(s) - 8*v(s). What is the remainder when 13 is divided by r(-7)?
6
Suppose 0 + 92 = 4*d. Suppose -3*l = -2*q - 5*l + 72, 0 = -5*q - 3*l + 180. Suppose 0*v = -3*v + q. Calculate the remainder when d is divided by v.
11
Suppose -4*a = -d - 3, 33 = 3*a + a + 5*d. Let h be (-1)/(-2) - 13/2. Let m(g) = -g**3 - 5*g**2 + 4*g - 8. What is the remainder when m(h) is divided by a?
0
Let j = -35 + 72. Let c = 95 + -82. Calculate the remainder when j is divided by c.
11
Let t(u) be the first derivative of -u**2/2 + 9*u + 1. Let n be t(7). Calculate the remainder when 16 is divided by 2*4 - 4/n.
4
Suppose -22 = 3*r - 97. What is the remainder when r i